st common factor of 37914 and 12354?
426
What is the greatest common divisor of 42 and 127274?
14
Calculate the greatest common factor of 5356439 and 22.
11
What is the greatest common divisor of 99925 and 350?
175
Calculate the highest common divisor of 8 and 24124.
4
What is the greatest common divisor of 336 and 1156512?
336
What is the highest common factor of 121 and 47883?
11
Calculate the highest common divisor of 75 and 72486.
3
Calculate the highest common factor of 150 and 7560090.
30
What is the highest common divisor of 51 and 68?
17
Calculate the highest common divisor of 46596 and 2772.
132
What is the greatest common factor of 200 and 63325?
25
What is the highest common factor of 109002 and 18?
6
Calculate the highest common factor of 3285 and 40.
5
Calculate the highest common divisor of 37 and 514337.
37
What is the highest common factor of 181455 and 345?
15
What is the highest common divisor of 143 and 202235?
11
What is the greatest common divisor of 650727 and 594?
297
Calculate the greatest common factor of 456 and 40116.
12
What is the highest common factor of 16 and 839056?
16
Calculate the greatest common divisor of 277290 and 69915.
1185
Calculate the greatest common factor of 6 and 88503.
3
What is the greatest common divisor of 445165 and 1225?
245
Calculate the greatest common divisor of 162 and 63084.
6
What is the highest common divisor of 20020 and 121?
11
What is the greatest common factor of 8767 and 56587?
797
What is the greatest common factor of 86358 and 24?
6
What is the greatest common divisor of 847098 and 42?
42
Calculate the highest common divisor of 3575 and 6578.
143
Calculate the greatest common factor of 8957 and 522041.
169
What is the greatest common factor of 3845 and 277609?
769
Calculate the greatest common divisor of 455 and 24245.
65
What is the greatest common divisor of 40274 and 364?
26
What is the greatest common factor of 5996331 and 33?
33
Calculate the greatest common factor of 50952 and 965.
193
Calculate the greatest common factor of 280 and 1203860.
140
What is the greatest common factor of 42 and 5978?
14
What is the greatest common factor of 74679 and 25696?
803
What is the greatest common divisor of 474202 and 76?
38
What is the greatest common factor of 1172 and 217113?
293
Calculate the highest common divisor of 3256848 and 28.
28
Calculate the highest common divisor of 106 and 436879.
53
What is the highest common divisor of 471053 and 68?
17
What is the greatest common factor of 504 and 763448?
56
What is the greatest common factor of 862716 and 84?
12
What is the highest common factor of 1152 and 1395?
9
What is the highest common factor of 38103 and 273?
39
What is the greatest common divisor of 2941 and 3400?
17
What is the highest common divisor of 63 and 118755?
63
Calculate the highest common factor of 9512 and 174.
58
Calculate the greatest common factor of 28029 and 3.
3
What is the greatest common divisor of 402315 and 15?
15
Calculate the greatest common factor of 82474 and 42.
14
Calculate the greatest common factor of 23826 and 2376.
66
What is the highest common divisor of 18914 and 33196?
386
Calculate the greatest common divisor of 407 and 3355.
11
Calculate the greatest common factor of 172 and 147318.
86
What is the greatest common factor of 21332 and 4?
4
What is the highest common factor of 249148 and 2388?
796
What is the highest common factor of 18 and 2880342?
18
What is the greatest common divisor of 423 and 16967?
47
What is the greatest common divisor of 1 and 19714?
1
Calculate the greatest common divisor of 28633 and 4180.
209
Calculate the greatest common divisor of 44214 and 42.
6
What is the greatest common divisor of 63 and 237339?
9
Calculate the highest common factor of 108 and 272997.
27
Calculate the highest common divisor of 7758 and 620209.
431
Calculate the highest common factor of 12084 and 1178.
38
What is the greatest common factor of 3 and 234627?
3
Calculate the highest common divisor of 12709370 and 68.
34
Calculate the highest common factor of 18 and 2138742.
18
What is the greatest common divisor of 875 and 224?
7
Calculate the highest common divisor of 47295 and 2295.
45
Calculate the highest common divisor of 831383 and 38.
19
What is the highest common factor of 1278 and 10?
2
Calculate the greatest common divisor of 510 and 164764.
34
Calculate the highest common factor of 13419 and 1559586.
1491
Calculate the highest common factor of 9 and 22086.
9
What is the greatest common divisor of 305 and 136579?
61
What is the greatest common divisor of 124 and 685844?
124
Calculate the greatest common divisor of 6579485 and 5.
5
What is the highest common factor of 29 and 59?
1
Calculate the highest common divisor of 51141 and 12.
3
What is the highest common divisor of 70 and 491370?
10
What is the highest common factor of 1325649 and 171?
57
What is the greatest common divisor of 156891 and 3?
3
Calculate the greatest common factor of 555 and 38184.
111
What is the highest common factor of 253991 and 4491?
499
What is the greatest common divisor of 182742 and 229?
229
Calculate the highest common divisor of 3999 and 13206.
93
Calculate the highest common divisor of 896 and 73600.
128
Calculate the highest common factor of 1117733 and 259.
37
What is the highest common factor of 174 and 1115456?
58
Calculate the greatest common divisor of 2277 and 153.
9
What is the highest common factor of 552 and 156?
12
Calculate the highest common divisor of 102573 and 729.
27
What is the highest common factor of 8 and 1031032?
8
What is the greatest common divisor of 2528 and 3555?
79
What is the highest common divisor of 70385 and 35?
35
What is the highest common factor of 41679 and 2277?
99
Calculate the highest common divisor of 165 and 2409.
33
What is the greatest common factor of 33864 and 1245?
249
Calculate the greatest common divisor of 185 and 5100.
5
What is the greatest common factor of 65 and 58019?
13
What is the greatest common factor of 12122 and 8360?
418
What is the greatest common factor of 1900 and 269300?
100
What is the highest common factor of 596187 and 622?
311
What is the highest common divisor of 112 and 139888?
112
What is the highest common factor of 808 and 30098?
202
What is the greatest common divisor of 353 and 56480?
353
Calculate the highest common factor of 31524 and 1065.
213
What is the highest common divisor of 36690 and 330?
30
Calculate the highest common divisor of 152064 and 198.
198
What is the highest common divisor of 21856 and 24032?
32
What is the greatest common divisor of 82645 and 5?
5
Calculate the highest common divisor of 470481 and 17490.
1749
What is the greatest common factor of 133 and 213503?
19
What is the greatest common factor of 12 and 69308?
4
Calculate the highest common divisor of 765808 and 368.
368
What is the highest common divisor of 830 and 15936?
166
What is the highest common factor of 17913 and 105?
21
Calculate the greatest common factor of 55 and 770965.
5
Calculate the highest common factor of 13189 and 2834.
109
What is the greatest common divisor of 336022 and 34?
34
Calculate the highest common divisor of 1652 and 154049.
413
Calculate the highest common divisor of 13440 and 1470.
210
Calculate the greatest common divisor of 362 and 31313.
181
Calculate the greatest common divisor of 1075257 and 185.
37
What is the greatest common factor of 104174 and 294?
98
Calculate the highest common factor of 24698 and 2.
2
What is the highest common factor of 2437192 and 536?
536
What is the highest common factor of 9451 and 143?
13
What is the greatest common divisor of 53042 and 165?
11
Calculate the highest common divisor of 254221 and 27313.
2101
Calculate the greatest common divisor of 103041 and 27.
9
What is the highest common divisor of 1086 and 56472?
1086
Calculate the greatest common factor of 317093 and 194.
97
Calculate the greatest common divisor of 36784 and 2850.
38
Calculate the highest common divisor of 62 and 28799.
31
Calculate the greatest common divisor of 344 and 11653.
43
Calculate the greatest common divisor of 7406 and 23828.
322
What is the greatest common factor of 22 and 29018?
22
What is the greatest common factor of 6685104 and 32?
16
Cal